e j(17). Calculate the greatest common divisor of i and d.
10
Let q be ((-117)/(-9) - 4) + 5. What is the greatest common factor of 245 and q?
7
Let s(r) = r**2 + 14*r + 29. Let f be s(-12). Suppose -f*g = -31 - 134. What is the greatest common factor of g and 33?
33
Let b(u) = -22*u + 891. Let i be b(40). Calculate the greatest common divisor of i and 891.
11
Let r be 3/2 - 6/12. Let d be (1/2)/(r/6). Let i be 0*(-1)/(-2) + d. What is the greatest common factor of i and 15?
3
Let y = 13 + -6. Let n be (y - 5) + (-6)/(-2). What is the highest common factor of n and 40?
5
Suppose 0 = 3*z + c - 467, -3*z + 0*z + 455 = 4*c. Let v = 159 - z. Calculate the greatest common divisor of 16 and v.
2
Suppose 0 = 2*m + m - 105. Suppose -2*i - 3 + m = 0. Let q(y) = -2*y**3 - 23*y**2 + 29*y - 2. Let h be q(-13). Calculate the greatest common factor of h and i.
16
Suppose 3*o - 63 = 10*o. Let u(i) = -5*i - 33. Let q be u(o). What is the highest common factor of 132 and q?
12
Suppose 2*u + 4*r - 510 = 0, 9*u - r = 10*u - 251. What is the greatest common divisor of 65 and u?
13
Suppose -3*q = -69 - 33. Let f = q - 32. Suppose 3*k - 47 = -4*c + f, -5*k = 4*c - 55. What is the highest common factor of 50 and c?
10
Let a be (5/20)/((-2)/(-40)). Suppose -a*t - 24 + 254 = 0. What is the highest common factor of 115 and t?
23
Suppose 7*x - 468 = -l + 2*x, 0 = -4*l - 2*x + 1944. Suppose l = f - 137. Suppose 175 = -5*c + f. What is the highest common divisor of c and 36?
18
Let d(o) = -46*o + 5. Let j be d(-2). Let s = j + -2. What is the greatest common divisor of 38 and s?
19
Let p(c) = 5*c**2 + c + 2. Let v be p(-1). Suppose 3 + v = 4*a - 3*k, 3*a = -3*k + 12. Calculate the greatest common factor of 33 and a.
3
Let c be 354/14 + 2/(-7). Suppose -6*z = -10*z - n + 304, -355 = -5*z + 5*n. What is the highest common divisor of z and c?
25
Let h be (-7)/(-2) - (-2)/4. Let k be (13/3)/(1/45). Let g = k - 194. What is the greatest common divisor of h and g?
1
Suppose 716 = f - 5*b, 12 = -6*b + 3*b. Calculate the greatest common divisor of f and 72.
24
Suppose 0 = 5*p - 2*q - 49, 2*p - 7*q + 5*q - 16 = 0. Calculate the highest common factor of p and 297.
11
Let v(j) = 10*j + 11. Suppose -4*x = q - 20, 4*q = -2*x + 28 - 4. Let h be v(q). Calculate the greatest common divisor of h and 561.
51
Let h be 9 + 4 - (1 + -3). Suppose -x - 4*w = -2, -4*x = -3*w - 88 - h. Let u be (-32)/12*((-693)/(-6))/(-7). Calculate the greatest common factor of u and x.
22
Let w = -34 + -7. Let l = 437 + w. Calculate the greatest common divisor of 36 and l.
36
Let f(n) = -n**3 + 25*n**2 - 46*n - 73. Let c be f(12). Calculate the highest common factor of c and 29.
29
Let y = -170 + 172. What is the highest common factor of 106 and y?
2
Let b(y) = -y**2 - 11*y + 61. Let z be b(-13). Suppose i - 3 + 15 = 4*f, i - 3*f = -8. Let v = 11 - i. What is the greatest common factor of z and v?
7
Let l be (-30)/(-6)*((0 - 1) + 0). Let t(s) = 0 + 2*s**2 + 4*s + 11 - s**2. Let p be t(l). What is the greatest common factor of p and 8?
8
Let p be 0/(2/1) + 9. Let f be (2 + 0 - 1)*3. Calculate the greatest common divisor of p and f.
3
Let i(v) = -v**3 + 1. Let h be i(1). Suppose -2*s = -h*s - 140. Let d(r) = 2*r - 2. Let a be d(6). Calculate the greatest common divisor of s and a.
10
Suppose 0 = -12*t + 939 - 327. What is the highest common factor of t and 85?
17
Let h = 149 + -63. Let j = h - 60. Calculate the greatest common divisor of 208 and j.
26
Let r be 34/4 + (-1)/(-2)*3. Let f(c) = -c**3 + 8*c**2 - 9*c + 2. Let a be f(6). What is the greatest common factor of r and a?
10
Suppose -30*w - 58*w + 256608 = 0. Calculate the highest common divisor of w and 54.
54
Suppose 0 = 7*g - 8*g + 2. Suppose -d + 11 = -3*p, -d + 3*d + 5*p - 77 = 0. Calculate the highest common factor of d and g.
2
Let k(x) = -2 - 3*x**2 - 2 + 15*x + 0*x**2 + 6. Let y be k(5). Calculate the greatest common factor of 22 and y.
2
Suppose 38 = 3*h - t, 4*h - 6*h - 3*t + 40 = 0. Calculate the highest common divisor of 21 and h.
7
Let b be (2 + -6)*-1 + 0. Suppose b*r = -0*r + 16. Let v be (-5 - 85)*(4 + (-22)/5). Calculate the highest common factor of v and r.
4
Suppose 4*i + 20 = 4*z, 0 = -10*z + 5*z + 25. Let g(l) = -9*l + 16. Let u be g(i). Calculate the greatest common divisor of u and 2.
2
Suppose -5*j + 0*j = 0. Suppose 0 = -2*c - 5*d + 5, -2*d + j + 4 = c. What is the greatest common factor of c and 10?
10
Let y = 1085 - 733. What is the highest common divisor of y and 22?
22
Let j(x) = x + x - 9 - x. Let p be (-1 - 12/(-18)) + 208/12. Let r be j(p). What is the highest common factor of 8 and r?
8
Suppose 1192 = -d + 5*d. Let w be 1 + 2/(4/d). Let x(u) = -37*u - 155. Let m be x(-5). What is the highest common factor of m and w?
30
Let p(y) = -5*y**2 + 53*y - 15. Let o be p(10). Let j = -29 - -49. Calculate the greatest common factor of o and j.
5
Let r(s) = -2*s - 11. Suppose -5*q + 10 = -0. Suppose 4*j + 36 = -q*f, f - 54 = 6*f + j. Let x be r(f). Calculate the greatest common divisor of 27 and x.
9
Let h = 0 + 185. Suppose y - h = -3*a, 3*y + 3*a - 135 = 390. What is the highest common factor of 10 and y?
10
Let j = -776 + 778. What is the highest common factor of j and 8?
2
Let x = 2 - 47. Let g = -42 - x. Calculate the greatest common factor of g and 21.
3
Suppose 0*v = 3*v - 9. Let t(l) = -l**3 + 3*l**2 + 5*l - 8. Let b be t(4). Let w = 2 - b. What is the highest common divisor of w and v?
3
Let i be (170*-1)/((-116)/174). Calculate the highest common factor of i and 15.
15
Let t = -296 - -305. Calculate the highest common factor of t and 21.
3
Suppose 0 = -a - 4*a + 350. Suppose -a + 19 = 3*m. Let k = -9 - m. What is the highest common factor of k and 40?
8
Let r = 931 - 920. What is the greatest common divisor of r and 2167?
11
Suppose -70 = 198*w - 203*w. Suppose 0*x + 6 = -t - 4*x, -2*t + 14 = -5*x. Suppose t*a - 153 = -41. What is the highest common divisor of a and w?
14
Let t = -223 - -262. Calculate the highest common divisor of 936 and t.
39
Let o = -1 + 17. Suppose -5*g = -4*j - j - 740, 2*j = -8. Calculate the highest common factor of o and g.
16
Let j be 5 + -3 - (-260)/2. Let c = -66 + j. Suppose 5*f = 2*l + 220, 0*f - 3*l + 132 = 3*f. What is the highest common divisor of f and c?
22
Suppose 0 = -3*g - 3*b + 51, 5*g - 29 - 52 = -b. Suppose -174 - 47 = -r. Let h = 333 - r. What is the highest common factor of h and g?
16
Let f(y) = 3*y + 2. Let v be (-10)/4*(-24)/30. Let g be f(v). Suppose -3*z - 5*w = -g*z - 10, z - 16 = -5*w. What is the highest common factor of 11 and z?
1
Suppose -16*v + 25 = -11*v. Suppose -15 = -2*l - 11. Suppose -3*o - 74 = -5*o - 4*p, o - l*p - 33 = 0. Calculate the highest common divisor of o and v.
5
Let d be (-10)/35 - 270/(-14). Let u = -71 - -109. What is the greatest common factor of u and d?
19
Let t(i) = 4*i**3 - 5*i + 18. Let g be t(5). Suppose 10*x = 27*x - g. What is the highest common divisor of x and 203?
29
Suppose -5*h - 255 = -3*b - 2*h, 345 = 4*b - 3*h. Let l(r) = 5*r**3 - r**2 - 110*r + 324. Let t be l(3). What is the greatest common divisor of t and b?
30
Suppose 0 = -3*l + b + 205, b - 20 = 6*b. Let s = -32 + l. What is the greatest common factor of 245 and s?
35
Suppose 40 = 7*y + 5. Calculate the greatest common factor of y and 5.
5
Suppose -3*z + r + 0*r = -77, -r + 73 = 3*z. What is the greatest common divisor of z and 30?
5
Let d be 4/26 + (-724)/(-26). What is the greatest common factor of d and 42?
14
Let y be (-2 + 2)*(-4)/(-16)*2. Suppose 8*u + y*u = 320. Calculate the highest common divisor of u and 5.
5
Suppose -3*f - 4*y = f - 300, 3*f - 2*y = 205. Suppose -f - 25 = -4*q. Calculate the highest common factor of 6 and q.
6
Let z = 1877 - 1094. What is the highest common factor of 29 and z?
29
Suppose 0 = 3*o - 72 - 99. Calculate the highest common factor of 57 and o.
57
Let p = 981 - 535. Suppose 0*o - 3*q = 2*o - 25, o + 1 = 3*q. Let i be p/o - (-9)/(-12). What is the greatest common factor of i and 22?
11
Suppose -57*r = -55*r - 48. Calculate the highest common factor of 708 and r.
12
Suppose 145 = 3*t - 4*y, 4*y + y = -20. Suppose -x = -92 - t. Let i be 2/(-4) - 770/(-28). What is the highest common factor of x and i?
27
Let y(q) be the second derivative o